v(f) be the second derivative of 5*f**4/12 - 9*f**3/2 + 132*f**2 + f + 25. What is the hundreds digit of v(11)?
5
What is the hundreds digit of 132477/7 + (-12)/105*(-20)/(-8)?
9
Let x(q) = 3*q - 14. Let j(h) = 2*h**2 - 7*h - 6. Let r be j(4). Let z be x(r). Let k = 1 - z. What is the units digit of k?
1
What is the hundreds digit of 42/(-49) - (-115518)/21?
5
Suppose 77*c - 5049048 = -81*c. What is the thousands digit of c?
1
Suppose 9*w + 4741 + 2441 = 0. Let a = 1412 + w. What is the tens digit of a?
1
Let q(s) = 4*s**2 - 16*s - 74. Suppose -20*v = -26*v - 48. What is the hundreds digit of q(v)?
3
Let a(j) = 2*j - 2. Let b = 61 - 55. Let k be a(b). Suppose k*w - 192 = 48. What is the tens digit of w?
2
Let j be 10/3*18/(-15) - -7. Suppose -5*l + m = 78, 6*l - 54 = 9*l - j*m. What is the units digit of (2 + (-30)/4)*(l - -3)?
6
Let x(b) = 24*b**2 - b. Let c(o) = 49*o**2 - 2*o - 1. Let n(a) = -3*c(a) + 7*x(a). Let h = 188 + -190. What is the units digit of n(h)?
9
Suppose -4*q + c = -29510, 2*q + c = 9680 + 5078. What is the hundreds digit of q?
3
Let k be (20/(-7)*-5)/((-2)/(-7)). Let l = 54 - k. Suppose 4*w + 534 = l*n + 118, -5*n = -4*w - 517. What is the tens digit of n?
0
Suppose 0 = 3*o - 2*o. Suppose -4*r = -5*n + 3 - 8, -2*n + 6 = o. Let i = 17 - r. What is the units digit of i?
2
Let w(h) be the second derivative of 0 + 4*h + 29*h**2 + 4/3*h**3. What is the tens digit of w(-6)?
1
Let m = 24879 - -22615. What is the hundreds digit of m?
4
Let p = -10686 - -22066. What is the thousands digit of p?
1
Let y(s) = -9*s + 118. Let u be y(9). Suppose -44*c + 7392 = -u*c. What is the tens digit of c?
5
Let p be 1/(7/98) - (-1 + 0). What is the units digit of -14 + p - (1 + 0 - 974)?
4
Let f = -77 + 81. Suppose f = -b, -c - 2*b = -0*c - 15. Suppose -4*t + t + 64 = 2*w, 0 = t + w - c. What is the tens digit of t?
1
Let w be (11 - 10) + 2 + 0 + 0. Suppose -t + 0*f - w = f, -5 = f. Suppose -7*n + 414 = t*n. What is the units digit of n?
6
What is the tens digit of 13352/6 + 5 + (-16)/48?
3
Let l = 29178 + -18208. What is the thousands digit of l?
0
Suppose -2*a + 8*h = 3*h - 7907, -15827 = -4*a - 3*h. What is the thousands digit of a?
3
Let z = -2392 - -4020. What is the tens digit of z/5 - (5 + 81/(-15))?
2
Let c = 304 + -336. What is the tens digit of 819/48 - (-2)/c?
1
Let w = -79 - -21. Let i = -62 - w. What is the units digit of i/8*-8 - -232?
6
Suppose 3*c = -5*d + 4852, -1608 = 21*c - 22*c + 3*d. What is the tens digit of c?
1
Let u = 4819 - 3970. What is the units digit of u?
9
Let b(a) = 6478*a + 9798. What is the ten thousands digit of b(7)?
5
Let w(o) = o**3 - o**2 - 11*o - 3. Let x be w(4). What is the thousands digit of (1*(-1)/2)/(x/(-2784))?
1
Suppose 9*t - 87918 = 11*h - 16*h, -5*h = 5*t - 48850. What is the thousands digit of t?
9
Suppose o = 3*n - 152135, -2*o + 253547 = 5*n + 2*o. What is the hundreds digit of n/136 - 2/(-16)?
3
Let m(p) = 20*p**2 + 59*p - 568. What is the hundreds digit of m(21)?
4
Suppose 628*t - 632*t + 54756 = 4*f, 3*f = 3*t + 41061. What is the hundreds digit of f?
6
Let y(h) = 127*h**2 + 4*h + 28. Let t be y(-3). Let a = t - 744. What is the units digit of a?
5
Let c be 10/(2*-1*-1). Let i(q) = -3*q**2 - 339*q + 347. Let k be i(-114). Suppose c*y = -k*u + u + 314, y - u - 61 = 0. What is the tens digit of y?
6
Let l = -21050 - -36683. What is the tens digit of l?
3
Let m be 19 - (4/1 - 0). Let n(o) = o**2 + 11*o + 5. What is the hundreds digit of n(m)?
3
Let x = -844 + 852. Suppose -x*r + 4*r + 1491 = 5*l, 900 = 3*l - 3*r. What is the tens digit of l?
9
Let a(x) = -377*x + 270. What is the thousands digit of a(-9)?
3
Let f = 1261 + -692. Suppose -871 = -5*p + 4*d + f, 2*p + d = 589. What is the hundreds digit of p?
2
Suppose -18*f + 19*f = 40. Let u = f + 259. What is the tens digit of u?
9
Let j = -1629 - -8318. What is the units digit of j?
9
Let m = -5909 + 11862. What is the hundreds digit of m?
9
Let t(v) = 26*v**2 + 8*v + 13. Let m be t(-3). Let x = m + -70. What is the hundreds digit of x?
1
Let s be ((-56)/(-24))/((-2)/78)*-8. Suppose -633 = -5*t - 3*f + 1187, 2*t + 3*f = s. What is the hundreds digit of t?
3
Suppose 2*p = 10*p - 1392. Suppose 163*k = p*k - 2563. What is the units digit of k?
3
Let z be 29816/(-10) - (-4)/(-10). Let m(h) = 4*h - 147. Let r be m(36). What is the hundreds digit of z/(-24) + r/12?
1
Suppose 4*t = 5*s - 40, -s + t + 7 + 2 = 0. Let n be (-52)/(-6)*(1 + -208). What is the units digit of n/(-24) - (2 + (-5)/s)?
4
Suppose 4*p - 232564 = 4*u, 3*u = -2*p + 4*u + 116290. What is the tens digit of p?
4
Let f(t) be the third derivative of t**5/60 - t**4/24 + t**3/6 + 44*t**2. What is the units digit of f(2)?
3
Suppose 2*x - 3619 = -5*b + 8013, x - 2*b - 5843 = 0. What is the thousands digit of x?
5
Let g(v) = 953*v + 34. Let y(s) = 957*s + 34. Let b(f) = 6*g(f) - 5*y(f). What is the units digit of b(1)?
7
Let q be (44/8)/(-11)*52. What is the units digit of (-5360)/q + 52/(-338)?
6
Let k = 5025 + -3014. What is the thousands digit of k?
2
Let w = 23 + -21. Let o = w + 150. What is the units digit of o?
2
Let f(m) = -761*m - 333. What is the units digit of f(-5)?
2
Let a(y) = 166*y**2 - 1151*y + 11. What is the thousands digit of a(10)?
5
Let k be (-1 - -1) + (-3 + 5 - -1). Suppose -5*a + k*a + 655 = 3*o, -5*o - 321 = -a. What is the tens digit of a?
2
Let g be 3*6/9 + 2. Let w(j) = 6*j**2 - 8*j + 46. What is the tens digit of w(g)?
1
Let a = 7814 + -948. What is the hundreds digit of a?
8
Let p be 11 - ((-4)/(-14) + (-72)/(-42)). What is the units digit of p*(-4 - (426/(-9))/2)?
7
Let l(v) = 5*v**2 - 2. Let f = 79 + -74. Let c be l(f). Suppose -c - 37 = -8*w. What is the units digit of w?
0
Suppose 2*j + g = 3*g + 30, -4*j + g = -48. Let u(b) = -17*b**3 + 39*b**3 - 12*b**2 + 6*b + 7*b + 2 - 21*b**3. What is the units digit of u(j)?
4
What is the thousands digit of ((-2748)/(-18) + -2)*15?
2
Let l be (-2 - -3) + 18738/27. What is the tens digit of 2/(-11) - l/55*-5?
6
Suppose 0 = -61*a - 86*a + 626917 + 521153. What is the thousands digit of a?
7
Let d be 5199/15 - (148/(-20) + 7). Suppose -12*s = -5723 + d. What is the hundreds digit of s?
4
What is the tens digit of 14711409/1071*7/3?
5
Suppose 0 = -5*d - 3*s + 622, 126 = d + 5*s - 6*s. Suppose 0 = -7*w - 148 - d. What is the tens digit of ((-455)/w)/(2/6)?
3
Suppose 0 = -4*i + 5*i - 4*h + 1, 4*h = 2*i - 2. Suppose -7*c - 656 = -i*f - 9*c, 4*f - 2*c = 856. What is the units digit of f?
6
Suppose 15*g - 14*g - 5 = 0. Suppose 0 = a - 22 + g. Suppose a*n - 12*n = 445. What is the tens digit of n?
8
Let q(g) = g**2 - 3*g - 12. Suppose -12*y - 30 = -6*y. What is the tens digit of q(y)?
2
Suppose 919860 + 596157 + 941163 = 660*s. What is the thousands digit of s?
3
Let t(z) = 3715*z - 2174. What is the thousands digit of t(8)?
7
Let p = 479 - 233. Suppose -1622*t = -1619*t - p. What is the units digit of t?
2
Suppose 0 = -14*o + 171 + 1775. Let z = o + 348. What is the hundreds digit of z?
4
Let o be (-1 + 0)*66780/(-14). Suppose -10*d + o + 4100 = 0. What is the hundreds digit of d?
8
Let b = 29 + -24. Suppose 102 = z + n, -2*z - b*n + 203 = -4*n. Suppose -2*j + 29 = -z. What is the units digit of j?
5
Let h be (-44)/5*(-21 - -1). Suppose 4*r = 3*g - h, 2*r - 111 = 5*r + 3*g. Let y = r + 174. What is the units digit of y?
3
What is the hundreds digit of -1 - (-28)/20 - -1999*(-366)/(-15)?
7
Let h be -5 + 188/36 - 215/(-45). Suppose -m = -o - 601, -8*m + h*m - 4*o = -1810. What is the tens digit of m?
0
Let j(q) be the third derivative of -q**6/12 + q**5/60 - q**4/3 + 7*q**3/6 - q**2 - 54*q. What is the hundreds digit of j(-4)?
6
Let g be (9/36)/((-4)/(-16)). What is the hundreds digit of g/((-4)/6)*(-417 + 9)?
6
Let z = -13816 + 19412. What is the units digit of z?
6
Suppose 0 = 3*h - 478 - 599. Let u = h - 148. What is the units digit of u?
1
Let y = -237 - -227. Let s(a) = -108*a - 295. What is the units digit of s(y)?
5
Let l be 2 + 3 + (-5839 - -3). What is the hundreds digit of l/(-14) - (-2 - 21/(-6))?
4
Suppose p - 45 + 21 = 0. What is the units digit of (-1)/3 + 9344/p?
9
Let g = 616 + -125. Suppose 0 = -2*l - 5*v + 461, 0 = -4*l + 3*v + g + 496. What is the units digit of l?
3
Suppose 0*r - 7*r - 7 = 0. What is the h